ber?
False
Suppose 0 = -t - h + 3, -3*t - 5*h + 1 = -10. Suppose 5*p = t*f - 234, 3*f + 0*p - 385 = -p. Is f a prime number?
True
Let p = 1339 + -928. Suppose v - 6 = -2*v. Suppose 5*l - p = -4*m, v*l - 4*m - 170 = -0*m. Is l composite?
False
Suppose -5*y + g + 15 = 0, 3*y = -g + 9 - 0. Suppose y*c = -c + 296. Is c a composite number?
True
Is 179/(-4 - (-135)/33) prime?
False
Suppose -149 = z - 0*z. Let y = z + 346. Let d = -66 + y. Is d prime?
True
Let d(m) = m**3 + 7*m**2 - m + 7. Is d(8) a composite number?
True
Let c(d) = -117*d**3 + d**2 + d - 1. Let f be c(1). Let q = -83 - f. Is q a composite number?
True
Is -15 - -647 - -1*3 a composite number?
True
Suppose -y - 4*q - 26 = 0, 2*y + q + 4*q = -52. Let m = y + 90. Let c = -21 + m. Is c a composite number?
False
Suppose -b + 4*v - 6 - 1 = 0, v = -b - 2. Let n be (2/b)/(6/(-27)). Suppose -216 - 51 = -n*h. Is h composite?
False
Let a = -11 - -14. Suppose -f - a*f = -60. Is f a composite number?
True
Let w(h) be the third derivative of 43*h**5/30 + h**4/24 - 4*h**2. Is w(1) a prime number?
False
Let h = -127 - -187. Suppose w - y = h, -236 = -4*w + y + y. Is w prime?
False
Let h(d) = -19*d - 4. Is h(-5) a composite number?
True
Suppose -o = 4*o - 3050. Let d = o + -51. Is d prime?
False
Suppose -84 = 5*y - 9. Suppose 0 = 6*m - 4*m - 2, -5*m + 50 = -3*f. Is f*(24/y)/4 composite?
True
Suppose 0 = 3*m - 4*l - 467, -2*l - 241 - 71 = -2*m. Is m a prime number?
True
Let s(d) = 33*d - 3. Let t(x) = -11*x + 1. Let r(p) = -4*s(p) - 14*t(p). Suppose -4*n = -4*i + 24, -3*n + n = 4. Is r(i) a composite number?
True
Is (-1 + 8682/(-9))*-3 prime?
True
Is (6898/(-3))/(55/(-15) - -3) prime?
True
Suppose -3352 = p - 9*p. Is p prime?
True
Let y be (-28)/((-7)/(238/4)). Let s = y + 9. Is s a prime number?
False
Let g(f) = -2*f**3 - 7*f**2 + 9*f + 1. Is g(-6) composite?
False
Let n(s) = s**2 + 2*s - 1. Let u be n(1). Suppose 0 = -3*j + 3*f - 4*f - u, 0 = 5*j + 2*f + 3. Is j + 33 + -1 + 0 composite?
False
Suppose a = -1 + 6. Suppose 305 = 5*f + a*j, 4*f - 96 = -j + 151. Is f a prime number?
False
Let b(z) = 4*z**3 - z. Let c be b(1). Suppose c*j + m = 103, 5*m = 4*j + 2*m - 120. Is j a prime number?
False
Let h be ((-9)/36)/((-2)/40). Let w(d) = 4*d**2 + 4*d + 7. Is w(h) prime?
True
Suppose -z + 3*z - 1082 = 0. Is z composite?
False
Let o be -2 + 5 + (2 - 5). Suppose 5*t = -o - 10. Is -37*(0 - -2)/t composite?
False
Suppose -53 = 5*q - 3. Let r(m) = -m**3 - 9*m**2 + 8*m - 12. Let k be r(q). Suppose 2*p - 98 = k. Is p composite?
False
Let n = -2 - -2. Let b = n + 1. Is b + -1 - (0 - 191) composite?
False
Let g(r) = 6*r**2 + 17*r + 4. Is g(5) a prime number?
True
Suppose 2*i = -3*s + 595, 2*i - i = 5*s + 278. Is i prime?
True
Suppose -p = 4*p - 10. Suppose -h = p*h - 15. Suppose 0 = h*z + 1 - 36. Is z composite?
False
Is (-4)/(-10) - (-1 + (-29336)/10) prime?
False
Suppose 3*k = -4*q + 937, 4*k - 3*q = 8*k - 1261. Is k a prime number?
False
Let j(q) = -29*q + 7. Let s be j(-6). Suppose 0 = 5*t - 20, -w - t = 32 - s. Is w composite?
True
Suppose 183 = 2*g - n, 4*g + 5*n + 169 = 570. Is g a composite number?
True
Let n be (-44)/8 + (-1)/2. Let v be ((-12)/(-9))/((-6)/(-27)). Is (212/n)/((-4)/v) composite?
False
Is 117 - 5/((-15)/(-12)) composite?
False
Let h(s) = 2*s**2 - 2*s + 11. Is h(-4) prime?
False
Suppose -4*t - 12 + 488 = 0. Suppose -15*m = -14*m - t. Is m composite?
True
Suppose 0 = -5*z + 4*h + 2177, -4*z = 6*h - h - 1758. Is z a prime number?
False
Let r = -86 - -171. Is r composite?
True
Let g(v) be the first derivative of -1/2*v**2 - 2*v + 1. Is g(-5) prime?
True
Let x be ((-2)/(-3))/((-4)/(-228)). Suppose a - x = 27. Is a a prime number?
False
Let f = 894 + 1423. Is f composite?
True
Suppose 1000 = 5*f - 3*d, 5*f + 2*d = -431 + 1406. Let b be 2*f - (-2 - -2). Let y = b + -267. Is y a prime number?
True
Let c be ((-4)/5)/((-6)/195). Let w = -11 + c. Suppose 5*u - 9 - w = -s, -75 = -4*s + u. Is s composite?
False
Let d = 346 + -179. Is d a prime number?
True
Let y(x) = x - 2. Let j be y(3). Let l(o) = 23*o. Is l(j) composite?
False
Suppose 5*t = -3*r - 25, -t - 5 = r - 0*r. Let l = t + 5. Suppose 5*c + 0*c - 115 = l. Is c a prime number?
True
Let s(a) = 2*a**2 + 5*a + 9. Let g = 2 - 8. Is s(g) a prime number?
False
Let w = -964 - -1751. Is w composite?
False
Is 7 + (3 - 6) - -181 composite?
True
Suppose -5*n - 101 = -1156. Is n composite?
False
Suppose 2*c - c - 20 = -2*q, -q = -3*c + 46. Let g = c - -8. Let w = -11 + g. Is w a composite number?
False
Let h = 163 - 84. Is h composite?
False
Suppose -5*b + 0 + 10 = 0. Suppose b*w - 5*w = 0. Suppose -4*o + 2*o + 50 = w. Is o a composite number?
True
Let y(g) = -8*g + 9. Is y(-5) a composite number?
True
Let i(g) = 6*g**3 + g**2 - 4*g + 2. Let q(u) = -u**2 - 8*u - 9. Let k be q(-6). Suppose -3*t + k = -2*t. Is i(t) composite?
True
Suppose 3*d - 1340 = 379. Is d prime?
False
Let h(n) = -n**3 + 8*n**2 - 4*n - 7. Let s be h(7). Let p = 67 - s. Is p a prime number?
True
Let v(y) = -y**2 - 9*y - 10. Let d be v(-7). Suppose -j + d*j = -3*o + 6, 0 = 2*j. Is o a prime number?
True
Suppose -2*w + 92 = -6*w. Let b = 14 - w. Is b composite?
False
Suppose 0 = -3*m - 3*m + 852. Is m a prime number?
False
Let g(f) = 7*f**2 - 4*f - 4. Is g(-3) a prime number?
True
Let l be (12/(-9))/((-2)/78). Let w = l - 37. Is w a prime number?
False
Let i be 122/(-14) + (-4)/14. Let u = -3 - i. Is u a composite number?
True
Let y(m) = -3*m + 12. Let x be y(9). Let p = x + 34. Is p a prime number?
True
Suppose 1174 = -72*v + 74*v. Is v prime?
True
Let u = -529 + 1094. Is u a composite number?
True
Is (60/(-1 - 2) - 3)*-13 a prime number?
False
Let m be (-2)/6 + 158/6. Suppose -3*j + 5*n - 4 + m = 0, 5*n + 10 = 0. Suppose -j*x = -7*x + 93. Is x a composite number?
False
Let a(w) = w**3 - 7*w**2 + 6*w - 4. Let v be a(6). Let t(q) = -2*q - 1 - q**2 + 2*q**2 + 0*q + 0*q**2. Is t(v) prime?
True
Suppose 5*t - 2*t = 21. Suppose t*m - 3*m = 124. Is m prime?
True
Suppose -q = 6*q - 399. Is q composite?
True
Let w = -598 - -1229. Is w a composite number?
False
Let j = 2 - 59. Let w = -39 - j. Is 2/3 - (-5946)/w a prime number?
True
Let z = -234 - -425. Is z a composite number?
False
Suppose -5*w + 11 - 1 = 0. Suppose w*v + 20 = -r, 6*v = 4*v + 4*r. Let n = v - -15. Is n prime?
True
Suppose 0*x - 737 = -v - 3*x, -12 = 3*x. Is v a composite number?
True
Let m(d) = -25*d + 14. Is m(-3) composite?
False
Suppose -g + 102 = g. Is g a composite number?
True
Let z(f) = 128*f - 1. Suppose 0 = 6*l - 2*l. Suppose 4*a - 3*a - 3*s - 10 = l, -1 = -4*a - s. Is z(a) composite?
False
Suppose 5*p + 25 = 0, -5*f + 124 = -3*p - 1076. Is f a prime number?
False
Let p = -152 - -253. Suppose 2*x - 9 - p = 0. Is x a prime number?
False
Let o(q) = -q**2 - q + 2. Let n be o(-2). Let j be (n - 3/(-3))/1. Let l = j + 96. Is l a composite number?
False
Let m be 0 - ((-2 - -2) + -2). Let q = m + -6. Let w(u) = 20*u**2 - u + 5. Is w(q) a prime number?
False
Let f be (2 - 3)*(-3 - -1). Suppose -f*i + 2 + 20 = 0. Is i a prime number?
True
Suppose -5*x - 3*s - 2*s + 5170 = 0, -x + 2*s = -1025. Is x composite?
False
Suppose 5*v = -5*x + 45, 0*v + 41 = 5*x + 4*v. Suppose x*i - 4 - 6 = 0. Suppose 4*j - i*m + 36 = 6*j, 0 = 3*j - m - 58. Is j a prime number?
True
Let a(k) = -11*k**3 + k**2 + k - 2. Let g be a(-2). Let m(j) = j + g*j**2 + 0*j - 2*j. Is m(1) a prime number?
False
Suppose -4*u + 3 + 1 = 0. Suppose 0 = -3*h + 2*h - u. Is (2 - (-5 - 1)) + h composite?
False
Let d = -240 + 719. Is d a composite number?
False
Suppose -5294 = -61*a + 59*a. Is a composite?
False
Suppose r + 4*g - 5 = 0, r - 5 = 3*g + 2*g. Let z(s) = -s - 3. Let m be z(-3). Suppose 3*j - r*n = 43, 3*j + 3*n - 27 = -m*n. Is j composite?
False
Suppose 0 = -4*w + 2 + 2, 0 = -2*m + 2*w + 2720. Is m prime?
True
Let z(d) = -315*d + 1. Is z(-2) prime?
True
Let v = -20 - -4. Let a(u) = u - 13. Let d be a(11). Is (d/(-4))/((-2)/v) a prime number?
False
Let k = -874 + 1343. Is k a composite number?
True
Let t = 639 - 6. Is t a prime number?
False
Let c(f) = 2*f + 37. Let z(b) = -b. Let m(x) = c(x) + 3*z(x). Suppose 0 = -r + 3*r. Is m(r) prime?
True
Let d = 24 - 11. Is d prime?
True
Let i(h) = -h**3 + 9*h**2 + 11*h - 5. Let n be 14/(-4)*(1 + -3). Let q be i(n). Let x 